 + 5*f - 1218. Let g be j(0). Let q = g + 2249. Is q a composite number?
False
Let v = 56126 + 13576. Suppose 124*a = 118*a + v. Is a prime?
True
Let d be 3/2*(-19 + 54477). Suppose 10*c - d + 13337 = 0. Is c prime?
False
Let k = 65 - 60. Suppose k*s = 39 - 29. Is s*2/(-12) + 13336/12 a composite number?
True
Suppose 0*w + 35*w = -0*w + 1464155. Is w a composite number?
True
Let n = -97 + 101. Suppose 5*x = -n*t + 2611, t = -2*x + 19 + 636. Is t prime?
False
Is (7/7)/((34/(-2033965))/(2/(-5))) a prime number?
True
Suppose 0 = -2*s - 5*c - 11, 2*s - 1 = -0*s - c. Suppose 0 = d - s*d + 148. Suppose -d - 206 = -3*t. Is t a composite number?
True
Let n(t) = t**3 + 26*t**2 + 51*t + 71. Let x be n(-24). Let c(h) = -480*h**3 + h**2 + 5*h + 3. Is c(x) a prime number?
True
Let l(z) = 2*z**3 - 8*z**2 - 19*z - 4. Suppose -2*h + 7*h + 15 = 0. Let n be (4/1 + h)*9. Is l(n) prime?
False
Is 65*(-52)/(-338) - (-289418)/2 a prime number?
True
Let z = 144152 + -96053. Is z a composite number?
True
Suppose 4*x - 20456 + 2900 = 0. Let v = -2860 + x. Is v composite?
True
Let o = -5406 - -11927. Is o composite?
False
Suppose 12*w + 6*w - 776160 - 2319858 = 0. Is w a prime number?
True
Suppose -5*x - 3*l + 907586 = 0, 0 = 5*x - 14*l + 19*l - 907580. Is x a composite number?
True
Suppose i = -66 + 64. Is (i/(-10))/((-31)/(-133145)) composite?
False
Let m be (-1 + -5)/(18/12). Let r(n) = -3*n**3 - 5*n**2 + 3*n - 4. Let l be r(m). Let i = 1603 - l. Is i prime?
False
Let s(g) = 47*g + 56. Let h(l) = -20*l - 29. Let t(q) = -11*h(q) - 6*s(q). Let k = -26 + 18. Is t(k) a composite number?
False
Let a(p) = -242*p + 19. Let b be 2 - (-2 - -13) - (-10)/(-2). Is a(b) prime?
True
Let g(u) = -u**2 + 5*u - 3. Let j be g(2). Let f(a) be the third derivative of 3*a**5/5 + 5*a**4/24 - 4*a**3/3 - 15*a**2. Is f(j) a composite number?
False
Is (-470724)/(-5 - -3) - 20 a composite number?
True
Let t(y) = 507*y**2 - 74*y - 327. Is t(-4) a composite number?
False
Suppose -31681483 = -179*y + 25675848 - 2187204. Is y a prime number?
True
Let s be ((-4)/(-6))/((-554)/552 + 1). Let t = s - 832. Let f = -529 - t. Is f a composite number?
False
Suppose -2*g + 712 = -2*y, -4*y + 3*g - 8*g - 1397 = 0. Let o be 44/(-55)*385/14. Let s = o - y. Is s prime?
True
Let f(g) = -6*g**2 + 22*g + 9. Let b be f(-6). Is 40/(-50) - b/5 composite?
False
Let s = 7122 - 3011. Is s prime?
True
Suppose 3*m = -32*m + 552405. Is m/8 - (-4)/32 composite?
False
Let t(g) = 22*g**2 + 8*g - 53. Suppose -3 = -o, 4*u + o = 3*o + 82. Is t(u) prime?
True
Let s(q) = -1114*q - 129. Is s(-4) a prime number?
True
Let i = 21281 + -14876. Let b = i - 1846. Is b prime?
False
Let s(h) = 3 + 13 + 1 + 22*h**3 - 10*h - 18*h**2 - 30*h**3. Is s(-7) composite?
False
Suppose 8 = 6*l - 10. Suppose -5*k = 5*o - 1475, -5*o - k = -l*o - 590. Is o composite?
True
Let y = 39501 - 20610. Suppose 0 = 2*i + 7*i - y. Is i composite?
False
Suppose 185*q = 187*q - 14. Is -1973*(-2 + -6 + q) a composite number?
False
Let x(b) = -2*b**2 - 2*b**3 + b - 788 + 692 + b**3 + 1733 + 0*b**3. Is x(0) composite?
False
Let n = 12223 + 4614. Suppose 30 = -85*g + 80*g, -13448 = -2*t - 2*g. Suppose 2*h - t = 2*w, h - 2*w - n = -4*h. Is h a composite number?
True
Let u = -1047 - -389. Let x(j) = 3*j**3 - 41*j**2 + 17*j + 7. Let v be x(10). Let r = u - v. Is r a composite number?
True
Let s be 12/(-10)*((-1155693)/22 + 14). Suppose 3*k - 63030 = 26*z - 25*z, -3*k + 4*z + s = 0. Is k composite?
False
Let n(r) = 13*r + 10*r - 25 + 0. Let f = 1 + 11. Is n(f) prime?
True
Suppose -17773713 = -73*r + 8248515 - 7891145. Is r prime?
True
Let z(n) = -70*n**2 - n - n + 2 + 71*n**2. Let y be z(2). Suppose -3*s + 2*s = -3*i + 4434, 0 = y*s + 6. Is i composite?
True
Let q = 65842 - 39971. Is q composite?
True
Suppose 0*i + i - a = -521, -4*i = -2*a + 2084. Let k = 850 + i. Let h = k - 120. Is h a composite number?
True
Let i = 3 - -1. Let l(n) = -948*n**2 - 17*n + 5. Let g(y) = -193*y**2 - 4*y + 1. Let x(a) = -11*g(a) + 2*l(a). Is x(i) prime?
True
Suppose 26*o = 21*o + 2*t + 264913, -5*o - 3*t + 264943 = 0. Is o composite?
True
Suppose -2*d - 3*d + 4*r - 9645 = 0, -4*d + 2*r - 7722 = 0. Let f = 1006 - d. Is f composite?
False
Let g(x) = -2*x**2 + x - 1. Let j(l) = 612*l**3 + 20*l**2 - 11*l + 12. Let w(b) = 5*g(b) + j(b). Is w(3) composite?
False
Let i(f) be the first derivative of 3411*f**4 - f**3/3 + 48. Is i(1) prime?
False
Suppose 0*c = -5*c - 5*x - 30, c = -3*x - 6. Let g(i) = -85*i + 56. Let v be g(c). Let d = v - -273. Is d composite?
False
Let n be 56*((-6)/3 - (-2 + 2)). Let i = n - -176. Suppose 69*p = i*p + 3895. Is p a composite number?
True
Suppose 8*m + 324182 - 1085694 = 0. Is m a composite number?
False
Let o = 65 - 49. Suppose 0 = o*h + 708 + 1276. Let z = 2507 - h. Is z composite?
True
Let t(o) = -18*o**3 - 24*o**2 + 16*o - 91. Is t(-18) a prime number?
True
Let j(n) = -4*n**3 - 91*n**2 - 3*n - 107. Is j(-48) a composite number?
False
Let f(u) = 10214*u**2 + 88*u + 503. Is f(-5) composite?
False
Let i be 4/(-5) - (-28)/35. Suppose i = 5*p - 106 - 2409. Is p a prime number?
True
Suppose 4*m - 1609 = -3*v - 15355, 4*m = v - 13738. Let n = 7048 + m. Is n prime?
True
Suppose -14*b + 15*b - 89 = 0. Suppose 0 = 3*p + l - 13254, p + b - 4521 = -5*l. Is p composite?
True
Let y(r) = -r**3 + 3*r**2 + r - 4. Let g be y(2). Suppose 5*l - g*l = -l. Suppose l = -4*m + m - 5*i + 2947, 0 = -3*m + i + 2935. Is m a prime number?
False
Suppose -4*b + 1 = -7, -3*x - 4*b = -8. Suppose x = 4*s + 5*i + 252, -4*s - 99 = 2*i + 165. Is (2 + s/8)/((-5)/710) a prime number?
False
Is (-11620)/(-10) + 1/(-4) + (-90)/(-72) a prime number?
True
Let n = -10112 - -27567. Is n a composite number?
True
Let k = -36197 + 52470. Is k a composite number?
False
Suppose -v - 5*c = -26, 5*v = 3*v + 3*c. Let i be 3*((-196)/v + 4). Let t = 157 + i. Is t composite?
False
Let i be (-3)/6*(5 - 3)*-2. Is i*3862/8 - (-9)/(-18) a composite number?
True
Let r be (460 - 18)*531/6. Suppose -17*h + r = 8602. Is h prime?
False
Let a be (-126)/(-1197) + (-236)/76. Suppose 0 = w + 2. Is w/a*471/12*6 prime?
True
Let c(a) = 70*a + 5. Let d be c(9). Suppose -h + d = 2743. Let w = h - -3321. Is w a prime number?
True
Let j(g) = -g**3 + 12*g**2 + 14*g - 11. Let a be j(13). Suppose -10*d = a*d - 24. Suppose -2*o - 4*t = o - 341, -3*t = d*o - 226. Is o a composite number?
True
Suppose -548*c + 221*c + 5121147 = 0. Is c a composite number?
False
Let x(w) = -216*w + 510*w + 2 + 802*w. Let k be x(1). Let l = -691 + k. Is l a prime number?
False
Let o(z) = z**3 + 32*z**2 + 18*z + 28. Suppose 4*r + n = -124, -r + 4*n - 31 = 5*n. Is o(r) composite?
False
Suppose -4*d = -5*s + 69, 0 = s - d - 1 - 12. Let w(k) = -k**3 + 18*k**2 + 28*k + 4. Is w(s) prime?
True
Let d be (-2)/13 - 281336/(-104). Suppose d = 8*r + 233. Suppose -4*s - 4*o = -3*s - r, 0 = -5*s + o + 1461. Is s prime?
True
Suppose -3*s = 12*s - 3945. Let g(m) = m**2 + 8*m + 3. Let a be g(-8). Is a + s - (2 + (-1 - 0)) composite?
True
Let u(y) = 332*y**2 - 33*y - 886. Is u(41) a composite number?
False
Suppose 129*p - 122*p - 294 = 0. Suppose -p*z + 86235 = -419319. Is z a composite number?
False
Let q be (13871/(-26))/((-3)/6*-1). Let a = 3016 + q. Is a a prime number?
True
Suppose w - 3 = 0, -4*w + 125419 = 4*l - 50061. Is l a prime number?
True
Let m be (45/30)/((-3)/(-16004)). Let h = -4215 + m. Is h a composite number?
True
Suppose -2*c + 28476 = 4*z, 3*c - 71206 = -2*c - 2*z. Let l = c - 9369. Is l a composite number?
True
Let o(u) = u**3 - 13*u**2 + 3*u - 8. Let l be o(13). Let v = l - 28. Suppose -297 + 2768 = 4*t - v*j, 4*t + 3*j - 2441 = 0. Is t a composite number?
True
Let d(g) = 23*g**2 - 61*g - 77. Let l be d(-32). Let c = l - 11170. Is c prime?
False
Let t(d) = -1126*d - 6973. Is t(-36) prime?
True
Let n(q) = -7 + 1 + 9*q**3 + 25*q - 55*q + 29*q + 12*q**2. Is n(4) a prime number?
False
Let u be (6/4)/((-1)/(-2)). Suppose 42*m = 64*m - 10802. Suppose -2*c - m = -3*k, -2*c - 168 = -k + u*c. Is k composite?
False
Let k = 32 + -44. Let o(s) = s**2 + 11*s + 6. Let p be o(k). Suppose -p*r + 16*r + 6 = 0. Is r prime?
True
Let f(a) = 57*a - 110. Let u = 31 - 18. Is f(u) prime?
True
Let m = -58038 + 120311. Is m a prime number?
True
Let o be (-30)/45 + (-19420)/(-6).